(i).
-4
Suppose 3*h - h = 0. Let a(p) = p + 5*p + h*p. Suppose 6 = -11*m - 5. What is a(m)?
-6
Let j(r) = 5*r + 5. Let d(y) = 2*y + 4. Let i(o) = -d(o) + j(o). What is i(-2)?
-5
Let m(i) = 2*i + 1. Suppose 0 = -0*v + 5*v + 30. Let g(b) = 2*b + 1. Let z(o) = v*m(o) + 5*g(o). Let l be (-3 - 1)*1*1. Determine z(l).
7
Let u(w) = 13*w**3 - 1. Let d be u(1). Let g(q) = -q**3 + 11*q**2 + 15*q - 27. Give g(d).
9
Let r(u) = -2*u**2 + 8. Let i(c) = -2*c**2 - c + 6. Let j(y) = 7*i(y) - 6*r(y). Let z = -41 + 36. Calculate j(z).
-21
Let q(r) be the second derivative of -r**6/360 + r**5/15 + r**3/3 + 2*r. Let t(h) be the second derivative of q(h). Let p = 16 + -10. Give t(p).
12
Let y(l) = l**2 + 5*l - 5. Let o be y(-6). Let n be -14 + 13 + (4 - o). Let r(h) = n + h**2 - 3*h - 2*h**2 - 2*h**2 + 6*h**2. Give r(2).
8
Let u(h) = -2*h**2 + 2*h - 3. Let i = -86 + 83. Let g(v) = -v**2 + v - 2. Let z(r) = i*u(r) + 4*g(r). Determine z(1).
1
Let x = 117 + -118. Let v(c) be the second derivative of 7*c**4/6 - c**3/6 + 2*c. Calculate v(x).
15
Let p(h) = h - 1. Let v be p(6). Let i(f) = -9*f - 6. Let g be i(-1). Let r(m) = v - 5*m + 2*m**2 - 5*m**2 - m**3 - 2*m**2 + g*m. What is r(-4)?
-3
Suppose 13*p = 2 - 106. Let j = -2 - 4. Let z = p - j. Let c(t) = -t**3 - t**2 - t. Give c(z).
6
Let f be (2/2)/(-1 - -2). Let y(d) be the second derivative of -3*d**5/20 - d**3/6 + d**2/2 + 6477*d. Give y(f).
-3
Let m(t) be the first derivative of -1/2*t**2 + 9*t - 9. Let z = 46 - 41. Give m(z).
4
Let w(h) be the first derivative of h**4/4 + 4*h**3/3 - 2*h - 6. Let t = 10 - 2. Suppose -t*f - 24 = -2*f. Give w(f).
-2
Let n(k) = -k**3 - 3*k**2 + k + 1. Let p be (182/(-3) + 4)*12/10. Let s = 65 + p. Determine n(s).
-2
Let r(j) = -55 - 19*j + 54*j - 15*j - 15*j. Let q(k) = -k + 11. Let b(a) = -11*q(a) - 2*r(a). Give b(-8).
-19
Let w(f) = -2*f + 10. Let b(y) = y**2 - 2*y - 3. Let t be b(-2). Determine w(t).
0
Let t(c) be the second derivative of -c**3/2 - 7*c**2/2 - 8*c. Let h be t(-3). Let f(z) = -2*z**3 - z**2 + 2*z - 3. Determine f(h).
-19
Let x(h) = 0*h + h - 19149 + 19150. Determine x(-2).
-1
Let a(w) = 6 - 8*w**2 - 102*w - w**3 + 4 + 104*w. Give a(-8).
-6
Let u(b) = 4*b + 3. Let z = -394 + 389. What is u(z)?
-17
Suppose -c - 25 = -5*r, 19 = 3*c - 2*r + 42. Let v(i) = -2*i**2 - 5*i - 7. Calculate v(c).
-32
Let v = -79 + 63. Let m = -12 - v. Let s(a) = -a + 3. Calculate s(m).
-1
Let d(i) = -i**3 - 6*i**2 - 9*i. Let q be d(-3). Suppose -10*j - 42 - 28 = q. Let l(g) = g**3 + 6*g**2 - 7*g - 5. Calculate l(j).
-5
Let l(c) be the first derivative of -c**2 + 1/3*c**3 - 13 - 5*c. Determine l(4).
3
Suppose 5*l = -l. Let r(a) = 12 - 2*a + 3*a + l*a. What is r(0)?
12
Let v(r) = -552 + 284 + 276 - 4*r. Determine v(5).
-12
Let l = 1 + -2. Let q(p) = -5*p**3 - 17229*p - 5 + 4 + 17227*p. Calculate q(l).
6
Suppose 3*j + 16 = 7*j. Let y be (17/(-3) - -1)*6/j. Let l(o) = 2*o + 8. Give l(y).
-6
Let m(z) = 3*z - 16. Suppose a + q - 4 = 0, 0 = 4*a + 3*q + 11 - 32. Let j be m(a). Let t = j - 13. Let v(p) = 4*p**2 + 3*p + 1. Give v(t).
11
Let d(h) = 10*h**2 - 5*h + 1. Let b(l) = -7*l**2 + 5*l - 2. Let u(z) = -3*b(z) - 2*d(z). Determine u(5).
4
Let a(u) = -586*u**2 + u**3 - 6 + 279*u**2 + 314*u**2. Determine a(-7).
-6
Let y = -56 - -50. Let h = 23 - 18. Let g(k) = -2*k - h*k + 5*k + 4*k + 8. Determine g(y).
-4
Suppose -4*b - 3*v = 100 - 123, -4*v + 14 = -3*b. Let a(z) be the first derivative of 12 + b*z + 3/2*z**2. Calculate a(3).
11
Let c(s) = -32 - 2*s - 6 + 0*s - 4*s + 3*s. Give c(-11).
-5
Let v = 557 - 558. Let t(c) = 3 + 6 - c - 3*c - 10. Calculate t(v).
3
Let i(b) be the third derivative of b**7/140 - b**6/180 + b**4/24 + 2*b**3/3 - 2*b**2. Let n(s) be the first derivative of i(s). Let p = -3 - -4. What is n(p)?
5
Let u(l) = -5*l + 3 - 1 + 13*l - 4*l + 3*l**2. Let w = -21 + 19. Determine u(w).
6
Let k(t) = t**2 + 7*t + 4. Let d be -9 - 0/(8/2). Let v(y) = -y**3 - 9*y**2 - 5. Let z be v(d). Calculate k(z).
-6
Let f(u) = u - 2. Let h be 0*(7/2 + -3). Suppose 2*g + h = -6. Calculate f(g).
-5
Let t(j) = j + 1. Let v be t(1). Let k = 7 - v. Let c(a) = -a**3 + 6*a**2 - 3*a + 6. Determine c(k).
16
Let j(h) = 5*h - 21. Let p(n) = -3*n + 20. Let g(f) = -3*j(f) - 4*p(f). Calculate g(-12).
19
Let t(h) = -h**3 + 9*h**2 + 7. Suppose 0*i + 2*i = 0, -2*r = 4*i - 92. Suppose -5*m + r = 1. Calculate t(m).
7
Let q be ((-9)/(-3))/(-9)*-57. Suppose -j - 3*l + 11 = -q, -78 = -3*j + 3*l. Let t(z) = -24 + 46 - j - 2*z. Calculate t(-4).
3
Suppose 38 = 4*s + 3*m, 22*s - 4*m + 9 = 19*s. Let a(t) be the third derivative of t**4/24 + t**2. Calculate a(s).
5
Let g(k) = -2*k**3 + 11*k**2 - 2*k + 3. Let d(x) = -x**3 + 4*x**2 - x. Let w(j) = 5*d(j) - 2*g(j). Determine w(-4).
30
Suppose -46*p + 115 = -161. Let n(r) = r**3 - 6*r**2 - 3*r + 19. Calculate n(p).
1
Let r(i) = -i**3 - 4*i**2 + 2*i - 3. Let w(z) = 3*z**2 - z**3 + 2*z**2 - 6*z - 5 + 2*z**2. Let s be ((-144)/(-324))/(4/54). Let p be w(s). Calculate r(p).
12
Let z(n) = -4*n + 1 + 5*n + 0. Let o = 10 + -12. Let h be (o/3)/((-2)/(-3)). Give z(h).
0
Suppose -2*r = 9 - 31. Suppose 96*i + 6 = 99*i. Suppose 0 = -i*v + r - 3. Let g(t) = -2*t - 4. Determine g(v).
-12
Let s(d) be the third derivative of -1/360*d**6 + 0*d**3 + 0*d + 0 + 1/30*d**5 - 5/24*d**4 - 7*d**2. Let g(b) be the second derivative of s(b). Calculate g(6).
-8
Let w(a) be the first derivative of -a**2 + 30*a + 389. What is w(16)?
-2
Let v(y) = -49*y - 439. Let b be v(-9). Let z(t) be the second derivative of -1/6*t**3 + 0 + t**b - 5*t. Calculate z(-3).
5
Let s(a) be the first derivative of -a**3/3 + 7*a**2/2 + 3*a - 66. Determine s(8).
-5
Let q(y) = 4*y - 21. Let g(p) = 3*p - 20. Let b(r) = 5*g(r) - 4*q(r). Let a(n) = -n - 16. Let o(u) = -4*a(u) + 3*b(u). Give o(0).
16
Let k be 3 - (-1 + 2/2). Let l(x) = -5*x**2 + x + 3. Let w(z) = -9*z**2 + 2*z + 6. Let t(d) = -5*l(d) + 3*w(d). Calculate t(k).
-12
Let r(b) = -10*b - 6*b**3 + 10*b + b**3. Let f(p) = -2*p. Let i be f(-2). Suppose 0 = -0*w - 4*w + i. What is r(w)?
-5
Let o(t) be the second derivative of t**6/80 + 17*t**4/12 + 6*t. Let m(x) be the third derivative of o(x). Give m(-1).
-9
Let d(b) = b**2 - 26*b + 3. Let p(i) = 37*i - 85. Let k be p(3). What is d(k)?
3
Suppose -8 = -3*t + 1. Let v(i) be the second derivative of 0 - 3/2*i**2 + 35*i + 1/4*i**4 - 1/6*i**3 - 1/20*i**5. Give v(t).
-6
Suppose 0 = -4*g - 4*z + 8, -2*g + 3*z = -4*g + 1. Let u(r) = 119 - 58 - 57 - 2*r**2 + 8*r**2 - 7*r - r**3. What is u(g)?
-6
Let s(h) = -3*h**2 + 4*h + 6. Let w(b) = -7*b**2 + 9*b + 14. Let i(n) = -5*s(n) + 2*w(n). What is i(4)?
6
Let l(k) = -5*k - 50. Let d(p) = -14*p - 59. Let r(g) = 9*g + 39. Let j(x) = -5*d(x) - 8*r(x). Let m(f) = -8*j(f) + 3*l(f). What is m(8)?
-6
Let r(f) = f**2 - 4*f - 2. Let j = -107 + 85. Let g = j - -27. Calculate r(g).
3
Suppose 0*g - 20 = g - 5*q, -3*g = 3*q - 12. Let r(i) = g + 2 - 2 + i**2 - 8*i + 1. Calculate r(7).
-6
Let l(w) be the first derivative of w**4/4 - w**3 - w**2 - w - 1. Let m(u) = -132*u + 1852. Let x be m(14). Determine l(x).
7
Let o(w) = -w**3 - 6*w**2 - 3*w + 14. Let x(c) = -105*c + 519. Let m be x(5). Calculate o(m).
32
Let t(m) = -9 + 1 + 6 - 2*m - 1 + 0. Let l = -1 + -2. Give t(l).
3
Let a(c) = 10*c + 140 - 12*c - 166. Give a(0).
-26
Suppose -5*f + z = 35, 0 = -5*f - 2*z - 8 - 27. Let j(c) be the first derivative of -c**4/4 - 2*c**3 + 4*c**2 + 6*c - 1. Give j(f).
-1
Suppose -10 = -o - 4*o. Let h(p) = 5*p + 3. Let m(x) = 5*x + 4. Let i(y) = -3*h(y) + 2*m(y). Determine i(o).
-11
Let a(u) = 14*u + 30. Let d(n) = 5*n + 10. Let v be 1*((-1)/(-5) + 16/(-5)). Let t(k) = v*a(k) + 8*d(k). Calculate t(-7).
4
Let p(u) be the second derivative of -1/6*u**3 - 46*u + 1/4*u**5 - 1/6*u**4 + 0*u**2 + 0. Determine p(-1).
-6
Let y(i) = i - 28. Let n(h) = -5. Let x(g) = 22*n(g) - 4*y(g). Calculate x(4).
-14
Let n = -30 - 59. Let r = n + 83. Let u(g) = -g**3 - 7*g**2 - 7*g - 9. Determine u(r).
-3
Let t(b) = -b**2 + 37. Let j be t(5). Let a(f) = f**3 - 11*f**2 - 14*f - 9. Calculate a(j).
-33
Suppose -2*g - g = -15. Let i(b) = 17*b + b**2 - g - 18*b - 2*b**2. What is i(-4)?
-17
Let x(g) be the first derivative of -g**3/3 - 5*g**2/2 + 4*g - 14. Let i(y) = y**2 + 3*y + 5. Let z be i(-5). Let h be -1 + 3/((-9)/z). Give x(h).
-2
Let t be -2 + 4 + -8 + 2